{"id":28,"date":"2019-06-20T13:04:12","date_gmt":"2019-06-20T11:04:12","guid":{"rendered":"http:\/\/peledesmeresnotredameboulogne.fr\/?page_id=28"},"modified":"2024-05-14T11:53:12","modified_gmt":"2024-05-14T09:53:12","slug":"lhistoire","status":"publish","type":"page","link":"https:\/\/peledesmeresnotredameboulogne.fr\/index.php\/lhistoire\/","title":{"rendered":"L&rsquo;histoire"},"content":{"rendered":"\n<h3 class=\"wp-block-heading\"><strong>Histoire du p\u00e8lerinage des m\u00e8res et des p\u00e8res <\/strong><\/h3>\n\n\n\n<ul class=\"wp-block-list\">\n<li><strong>Cotignac, berceau d\u2019origine<\/strong><\/li>\n<\/ul>\n\n\n\n<p>Les p\u00e8lerinages des p\u00e8res et m\u00e8res de famille se sont d\u00e9velopp\u00e9s autour d\u2019un sanctuaire au sud de la France dans le dioc\u00e8se de Toulon\/Fr\u00e9jus : Cotignac. La Sainte Vierge-Marie et Saint Joseph, son \u00e9poux y sont apparus ; la premi\u00e8re apparition, le 10 ao\u00fbt 1519 et la deuxi\u00e8me le 7 juin 1660. Louis XIV et sa m\u00e8re Anne d\u2019Autriche y vinrent en p\u00e8lerinage le 21 f\u00e9vrier 1659 en action de gr\u00e2ce pour le v\u0153u de Louis XIII&nbsp;: la naissance d\u2019un h\u00e9ritier.C\u2019est naturellement vers ce sanctuaire que les p\u00e8lerinages des p\u00e8res et m\u00e8res de famille reprennent vie dans les ann\u00e9es 1980. Les participants, rapidement nombreux, plus de 600 pour les p\u00e8res, sont encourag\u00e9s \u00e0 fonder dans leur r\u00e9gion d\u2019origine de semblables d\u00e9marches. D\u00e8s lors, de nombreuses initiatives voient le jour \u00e0 Toulouse, Clermont Ferrand, Besan\u00e7on, Auray, Saumur, Rouen et enfin Boulogne-sur-Mer en 1996. Puis au Mont Saint Michel \u2026<\/p>\n\n\n\n<p>La date est immuable et commune avec celles du p\u00e8lerinage de Cotignac : le premier WE de juillet pour les p\u00e8res et le deuxi\u00e8me de juin pour les m\u00e8res. Ce p\u00e8lerinage se d\u00e9roule sur quatre demi-journ\u00e9es \u00e0 partir du vendredi soir jusqu\u2019au dimanche \u00e0 midi. Il est conclu par un pique-nique familial aux abords de Boulogne. La vie au sein des groupes est simple et fraternelle. Chaque soir, un bivouac avec des tentes dortoirs mont\u00e9es autour d\u2019une tente chapelle accueille les p\u00e8lerins. <\/p>\n\n\n\n<p>&nbsp;Le p\u00e8lerinage des m\u00e8res, &nbsp;qui d\u00e9marra en 1998 \u00e9volua. Au d\u00e9marrage le p\u00e8lerinage se d\u00e9roulait comme celui des p\u00e8res, le deuxi\u00e8me week-end de juin. Depuis 2015, en lien avec la paroisse Sainte Marie \u00c9toile de la Mer,  le p\u00e8lerinage des m\u00e8res est rattach\u00e9e \u00e0 la f\u00eate de Notre Dame de Boulogne-sur-Mer le premier WE des vacances de la Toussaint (une journ\u00e9e de marche au d\u00e9but puis 2 jours depuis 2017). <\/p>\n\n\n\n<p>Ces p\u00e8lerinages sont encourag\u00e9s par l\u2019\u00c9v\u00eaque d\u2019Arras<\/p>\n\n\n\n<ul class=\"wp-block-list\">\n<li><strong>Histoire de Notre-Dame de Boulogne<\/strong><\/li>\n<\/ul>\n\n\n\n<p>Vers la fin du r\u00e8gne de\nDagobert (VII\u00b0 si\u00e8cle), un navire sans rame ni voile, dans lequel on d\u00e9couvrit\nune statue de la Vierge \u00e0 l&rsquo;Enfant de provenance orientale, abordait au port de\nBoulogne sur Mer. <\/p>\n\n\n\n<p>Une chapelle est alors \u00e9difi\u00e9e\nsur les lieux de cette \u00ab apparition miraculeuse\u00a0\u00bb pour abriter la statue.<\/p>\n\n\n\n<p>S\u00e9duite par le culte de la\nSainte Vierge, la Comtesse Ide de Boulogne s\u2019attelle en 1090 \u00e0 transformer la\nchapelle en v\u00e9ritable \u00e9glise. <\/p>\n\n\n\n<p>Aux XIIe et XIIIe si\u00e8cles,\nBoulogne devient une \u00e9tape majeure sur le chemin de\nSaint-Jacques-de-Compostelle et attire des foules de p\u00e8lerins dont de nombreux\nRois de France, depuis Philippe Auguste jusqu\u2019\u00e0 Louis XV. Mais aussi Sainte\nJeanne d\u2019Arc, Saint Jean-Baptiste de la Salle, Saint Beno\u00eet Labre sont venus y\nprier. <\/p>\n\n\n\n<p>En 1330, une \u00e9glise est aussi\n\u00e9difi\u00e9e pr\u00e8s de Paris pour honorer Notre-Dame de Boulogne, dans ce qui va\ndevenir Boulogne-Billancourt.<\/p>\n\n\n\n<p>Au cours de son \u00e9trange\nhistoire, la statue est plusieurs fois vol\u00e9e, cach\u00e9e, retrouv\u00e9e, endommag\u00e9e,\njusqu\u2019en 1793 o\u00f9 seule sa main droite peut \u00eatre sauv\u00e9e du b\u00fbcher. La cath\u00e9drale\nest aussi d\u00e9truite avec la R\u00e9volution. <\/p>\n\n\n\n<p>C\u2019est l\u2019abb\u00e9 Haffreingue qui,\nen 1822, sans le sou et sans aucune formation d\u2019architecte, se fait offrir par\nson p\u00e8re les ruines de la Cath\u00e9drale. L\u2019appel aux dons pour la reconstruction\nde l\u2019\u00e9difice remplit mieux que pr\u00e9vu son office. Au point que le d\u00f4me est\nrehauss\u00e9 jusqu\u2019\u00e0 103 m\u00e8tres de haut, permettant ainsi aux marins de le voir de\nla mer, et de s\u2019en servir de phare.<\/p>\n\n\n\n<p>De 1943 \u00e0 1948, quatre\nreproductions de la Vierge de Boulogne, appel\u00e9e aussi \u00abNotre Dame du Grand\nRetour\u00bb, chacune mont\u00e9e sur un char, parcoururent 120000 km \u00e0 travers la\nFrance, visitant 16 000 paroisses, en provoquant un \u00e9lan de foi, pri\u00e8res et\nconversions sur son passage.<\/p>\n\n\n\n<p>Notre Dame de Boulogne est\nf\u00eat\u00e9e le 22 octobre.<\/p>\n\n\n\n<p>Les fragments de la main de la\nstatue sauv\u00e9e des flammes, sont v\u00e9n\u00e9r\u00e9s dans un reliquaire pr\u00e9sent\u00e9 aux fid\u00e8les\nsous le d\u00f4me de la basilique.<\/p>\n\n\n\n<ul class=\"wp-block-list\">\n<li><strong>Chant des<br>p\u00e8lerins \u00e0 Notre Dame de Boulogne<\/strong><\/li>\n<\/ul>\n\n\n\n<p><strong>\u00ab\u00a0A l&rsquo;abri du c\u0153ur de ton Fils\u00a0\u00bb<\/strong><\/p>\n\n\n\n<p><strong>Refrain<\/strong><\/p>\n\n\n\n<p><strong>Marie, \u00d4 Marie merveilleuse \u00e9toile sur l&rsquo;oc\u00e9an infini,<br>Tu me conduis, \u00d4 Vierge Marie, Au port \u00e0 l&rsquo;abri du c\u0153ur tr\u00e8s doux de ton fils.<\/strong><\/p>\n\n\n\n<p>1) Et malgr\u00e9 les coups de\nvent, les temp\u00eates et les tourments, qui me d\u00e9tournent du bon cap, <\/p>\n\n\n\n<p>Tu restes fid\u00e8le devant\nmoi, amer s\u00fbr et pur, guide infaillible de ma foi.<\/p>\n\n\n\n<p>2) Et je chante Magnificat au doux rythme des vagues de ton c\u0153ur, uni au Sauveur. <\/p>\n\n\n\n<p>Chant d&rsquo;amour reconnaissant jailli de mon c\u0153ur d&rsquo;enfant. Merci J\u00e9sus pour le don de ta M\u00e8re.<\/p>\n\n\n\n<p>3) Jamais je ne quitte des yeux l&rsquo;astre brillant, dont les feux\nm&#8217;emp\u00eachent de sombrer dans la nuit.<\/p>\n\n\n\n<p>Tu maintiens ferme et droit le cap de mon \u00e2me, tourn\u00e9 vers la lumi\u00e8re du P\u00e8re.<\/p>\n","protected":false},"excerpt":{"rendered":"<p>Histoire du p\u00e8lerinage des m\u00e8res et des p\u00e8res Les p\u00e8lerinages des p\u00e8res et m\u00e8res de famille se sont d\u00e9velopp\u00e9s autour d\u2019un sanctuaire au sud de la France dans le dioc\u00e8se de Toulon\/Fr\u00e9jus : Cotignac. La Sainte Vierge-Marie et Saint Joseph, son \u00e9poux y sont apparus ; la premi\u00e8re apparition, le 10 ao\u00fbt 1519 et la&hellip;<\/p>\n","protected":false},"author":1,"featured_media":0,"parent":0,"menu_order":0,"comment_status":"closed","ping_status":"closed","template":"","meta":{"footnotes":""},"class_list":["post-28","page","type-page","status-publish","hentry"],"_links":{"self":[{"href":"https:\/\/peledesmeresnotredameboulogne.fr\/index.php\/wp-json\/wp\/v2\/pages\/28","targetHints":{"allow":["GET"]}}],"collection":[{"href":"https:\/\/peledesmeresnotredameboulogne.fr\/index.php\/wp-json\/wp\/v2\/pages"}],"about":[{"href":"https:\/\/peledesmeresnotredameboulogne.fr\/index.php\/wp-json\/wp\/v2\/types\/page"}],"author":[{"embeddable":true,"href":"https:\/\/peledesmeresnotredameboulogne.fr\/index.php\/wp-json\/wp\/v2\/users\/1"}],"replies":[{"embeddable":true,"href":"https:\/\/peledesmeresnotredameboulogne.fr\/index.php\/wp-json\/wp\/v2\/comments?post=28"}],"version-history":[{"count":7,"href":"https:\/\/peledesmeresnotredameboulogne.fr\/index.php\/wp-json\/wp\/v2\/pages\/28\/revisions"}],"predecessor-version":[{"id":451,"href":"https:\/\/peledesmeresnotredameboulogne.fr\/index.php\/wp-json\/wp\/v2\/pages\/28\/revisions\/451"}],"wp:attachment":[{"href":"https:\/\/peledesmeresnotredameboulogne.fr\/index.php\/wp-json\/wp\/v2\/media?parent=28"}],"curies":[{"name":"wp","href":"https:\/\/api.w.org\/{rel}","templated":true}]}}